{"id":391,"date":"2022-05-31T10:57:56","date_gmt":"2022-05-31T10:57:56","guid":{"rendered":"http:\/\/cec-regina.com.ar\/?page_id=391"},"modified":"2024-09-10T22:42:34","modified_gmt":"2024-09-10T22:42:34","slug":"historia-y-edificio-actual","status":"publish","type":"page","link":"https:\/\/cec-regina.com.ar\/?page_id=391","title":{"rendered":"Historia y  Edificio Actual"},"content":{"rendered":"<h5><strong>Historia<\/strong><\/h5>\n<p>El Centro Empleados de Comercio de Villa Regina naci\u00f3 el 26 de Abril de 1958,creado por un grupo de trabajadores que se reun\u00eda en sus casas particulares para lograr organizarse y posteriormente integraron la primera comisi\u00f3n directiva.<\/p>\n<p>En el a\u00f1o 1966 se alquilo un local para el funcionamiento del centro y de la atenci\u00f3n de la salud a trav\u00e9s de la instituci\u00f3n que se denominaba I.M.M.A. (Instituto Medico Mercantil Argentino).<\/p>\n<p>Con el paso del tiempo y un importante crecimiento del centro y la cantidad de afiliados,se compr\u00f3 un terreno en 1983, donde hoy se erige la sede gremial.<\/p>\n<p>En las im\u00e1genes podemos ver antiguas credenciales de la Obra social de Empleados de Comercio, en su momento denominada I.M.M.A.<\/p>\n<p><a href=\"http:\/\/cec-regina.com.ar\/wp-content\/uploads\/2022\/06\/hhh.jpg\"><img decoding=\"async\" loading=\"lazy\" class=\"alignnone wp-image-1046 size-large\" src=\"http:\/\/cec-regina.com.ar\/wp-content\/uploads\/2022\/06\/hhh-1024x279.jpg\" alt=\"\" width=\"604\" height=\"165\" srcset=\"https:\/\/cec-regina.com.ar\/wp-content\/uploads\/2022\/06\/hhh-1024x279.jpg 1024w, https:\/\/cec-regina.com.ar\/wp-content\/uploads\/2022\/06\/hhh-300x82.jpg 300w, https:\/\/cec-regina.com.ar\/wp-content\/uploads\/2022\/06\/hhh-768x209.jpg 768w, https:\/\/cec-regina.com.ar\/wp-content\/uploads\/2022\/06\/hhh.jpg 1098w\" sizes=\"(max-width: 604px) 100vw, 604px\" \/><\/a><\/p>\n","protected":false},"excerpt":{"rendered":"<p>Historia El Centro Empleados de Comercio de Villa Regina naci\u00f3 el 26 de Abril de 1958,creado por un grupo de trabajadores que se reun\u00eda en sus casas particulares para lograr organizarse y<a class=\"moretag\" href=\"https:\/\/cec-regina.com.ar\/?page_id=391\">Leer m\u00e1s&#8230;<\/a><\/p>\n","protected":false},"author":1,"featured_media":0,"parent":0,"menu_order":0,"comment_status":"closed","ping_status":"closed","template":"","meta":{"footnotes":"","_links_to":"","_links_to_target":""},"_links":{"self":[{"href":"https:\/\/cec-regina.com.ar\/index.php?rest_route=\/wp\/v2\/pages\/391"}],"collection":[{"href":"https:\/\/cec-regina.com.ar\/index.php?rest_route=\/wp\/v2\/pages"}],"about":[{"href":"https:\/\/cec-regina.com.ar\/index.php?rest_route=\/wp\/v2\/types\/page"}],"author":[{"embeddable":true,"href":"https:\/\/cec-regina.com.ar\/index.php?rest_route=\/wp\/v2\/users\/1"}],"replies":[{"embeddable":true,"href":"https:\/\/cec-regina.com.ar\/index.php?rest_route=%2Fwp%2Fv2%2Fcomments&post=391"}],"version-history":[{"count":16,"href":"https:\/\/cec-regina.com.ar\/index.php?rest_route=\/wp\/v2\/pages\/391\/revisions"}],"predecessor-version":[{"id":1167,"href":"https:\/\/cec-regina.com.ar\/index.php?rest_route=\/wp\/v2\/pages\/391\/revisions\/1167"}],"wp:attachment":[{"href":"https:\/\/cec-regina.com.ar\/index.php?rest_route=%2Fwp%2Fv2%2Fmedia&parent=391"}],"curies":[{"name":"wp","href":"https:\/\/api.w.org\/{rel}","templated":true}]}}