{"id":509,"date":"2022-05-31T21:50:57","date_gmt":"2022-05-31T21:50:57","guid":{"rendered":"http:\/\/cec-regina.com.ar\/?page_id=509"},"modified":"2022-05-31T22:04:59","modified_gmt":"2022-05-31T22:04:59","slug":"reconocimiento-de-servicio","status":"publish","type":"page","link":"https:\/\/cec-regina.com.ar\/?page_id=509","title":{"rendered":"Reconocimiento de Servicio"},"content":{"rendered":"<p>&nbsp;<\/p>\n<p>El afiliado debe tener conocimiento de las licencias pagas amparadas en el CCT 130\/75. Es importante consultar y asesorarse en el gremio acerca de las licencias por nacimientos de hijos, matrimonio, fallecimiento de c\u00f3nyuge, padres, hermanos, abuelos, por mudanza, como as\u00ed tambi\u00e9n para rendir ex\u00e1menes de ense\u00f1anza media o universitaria.<\/p>\n","protected":false},"excerpt":{"rendered":"<p>&nbsp; El afiliado debe tener conocimiento de las licencias pagas amparadas en el CCT 130\/75. Es importante consultar y asesorarse en el gremio acerca de las licencias por nacimientos de hijos, matrimonio,<a class=\"moretag\" href=\"https:\/\/cec-regina.com.ar\/?page_id=509\">Leer m\u00e1s&#8230;<\/a><\/p>\n","protected":false},"author":1,"featured_media":0,"parent":0,"menu_order":0,"comment_status":"closed","ping_status":"closed","template":"","meta":{"footnotes":"","_links_to":"","_links_to_target":""},"_links":{"self":[{"href":"https:\/\/cec-regina.com.ar\/index.php?rest_route=\/wp\/v2\/pages\/509"}],"collection":[{"href":"https:\/\/cec-regina.com.ar\/index.php?rest_route=\/wp\/v2\/pages"}],"about":[{"href":"https:\/\/cec-regina.com.ar\/index.php?rest_route=\/wp\/v2\/types\/page"}],"author":[{"embeddable":true,"href":"https:\/\/cec-regina.com.ar\/index.php?rest_route=\/wp\/v2\/users\/1"}],"replies":[{"embeddable":true,"href":"https:\/\/cec-regina.com.ar\/index.php?rest_route=%2Fwp%2Fv2%2Fcomments&post=509"}],"version-history":[{"count":2,"href":"https:\/\/cec-regina.com.ar\/index.php?rest_route=\/wp\/v2\/pages\/509\/revisions"}],"predecessor-version":[{"id":511,"href":"https:\/\/cec-regina.com.ar\/index.php?rest_route=\/wp\/v2\/pages\/509\/revisions\/511"}],"wp:attachment":[{"href":"https:\/\/cec-regina.com.ar\/index.php?rest_route=%2Fwp%2Fv2%2Fmedia&parent=509"}],"curies":[{"name":"wp","href":"https:\/\/api.w.org\/{rel}","templated":true}]}}